{"id":1831,"date":"2023-09-12T11:18:25","date_gmt":"2023-09-12T08:18:25","guid":{"rendered":"https:\/\/lasikenka.tietokettu.net\/?page_id=1831"},"modified":"2025-12-23T13:38:41","modified_gmt":"2025-12-23T10:38:41","slug":"tango-kurssi","status":"publish","type":"page","link":"https:\/\/lasikenka.fi\/index.php\/tango-kurssi\/","title":{"rendered":"Argentiinalainen tango"},"content":{"rendered":"\t\t<div data-elementor-type=\"wp-page\" data-elementor-id=\"1831\" class=\"elementor elementor-1831\">\n\t\t\t\t<div class=\"elementor-element elementor-element-daa0252 e-flex e-con-boxed e-con e-parent\" data-id=\"daa0252\" data-element_type=\"container\" data-e-type=\"container\">\n\t\t\t\t\t<div class=\"e-con-inner\">\n\t\t\t\t<div class=\"elementor-element elementor-element-9f54ada elementor-invisible elementor-widget elementor-widget-image\" data-id=\"9f54ada\" data-element_type=\"widget\" data-e-type=\"widget\" data-settings=\"{&quot;_animation&quot;:&quot;slideInLeft&quot;}\" data-widget_type=\"image.default\">\n\t\t\t\t<div class=\"elementor-widget-container\">\n\t\t\t\t\t\t\t\t\t\t\t\t\t\t\t<img fetchpriority=\"high\" decoding=\"async\" width=\"273\" height=\"300\" src=\"https:\/\/lasikenka.fi\/wp-content\/uploads\/2023\/08\/Simo-ja-Maria_pieni-273x300.jpg\" class=\"attachment-medium size-medium wp-image-634\" alt=\"\" srcset=\"https:\/\/lasikenka.fi\/wp-content\/uploads\/2023\/08\/Simo-ja-Maria_pieni-273x300.jpg 273w, https:\/\/lasikenka.fi\/wp-content\/uploads\/2023\/08\/Simo-ja-Maria_pieni-768x843.jpg 768w, https:\/\/lasikenka.fi\/wp-content\/uploads\/2023\/08\/Simo-ja-Maria_pieni.jpg 800w\" sizes=\"(max-width: 273px) 100vw, 273px\" \/>\t\t\t\t\t\t\t\t\t\t\t\t\t\t\t<\/div>\n\t\t\t\t<\/div>\n\t\t\t\t\t<\/div>\n\t\t\t\t<\/div>\n\t\t<div class=\"elementor-element elementor-element-d7c9432 e-flex e-con-boxed e-con e-parent\" data-id=\"d7c9432\" data-element_type=\"container\" data-e-type=\"container\">\n\t\t\t\t\t<div class=\"e-con-inner\">\n\t\t\t\t<div class=\"elementor-element elementor-element-10a61c8 elementor-invisible elementor-widget elementor-widget-heading\" data-id=\"10a61c8\" data-element_type=\"widget\" data-e-type=\"widget\" data-settings=\"{&quot;_animation&quot;:&quot;slideInLeft&quot;}\" data-widget_type=\"heading.default\">\n\t\t\t\t<div class=\"elementor-widget-container\">\n\t\t\t\t\t<h2 class=\"elementor-heading-title elementor-size-default\">Argentiinalainen tango (Tangoriihi)<\/h2>\t\t\t\t<\/div>\n\t\t\t\t<\/div>\n\t\t\t\t\t<\/div>\n\t\t\t\t<\/div>\n\t\t<div class=\"elementor-element elementor-element-3ce45e3 e-flex e-con-boxed e-con e-parent\" data-id=\"3ce45e3\" data-element_type=\"container\" data-e-type=\"container\">\n\t\t\t\t\t<div class=\"e-con-inner\">\n\t\t<div class=\"elementor-element elementor-element-9eb5dc7 e-con-full e-flex e-con e-child\" data-id=\"9eb5dc7\" data-element_type=\"container\" data-e-type=\"container\">\n\t\t\t\t<div class=\"elementor-element elementor-element-809888d elementor-widget-divider--view-line elementor-widget elementor-widget-divider\" data-id=\"809888d\" data-element_type=\"widget\" data-e-type=\"widget\" data-widget_type=\"divider.default\">\n\t\t\t\t<div class=\"elementor-widget-container\">\n\t\t\t\t\t\t\t<div class=\"elementor-divider\">\n\t\t\t<span class=\"elementor-divider-separator\">\n\t\t\t\t\t\t<\/span>\n\t\t<\/div>\n\t\t\t\t\t\t<\/div>\n\t\t\t\t<\/div>\n\t\t\t\t<\/div>\n\t\t\t\t<div class=\"elementor-element elementor-element-73025c9 elementor-widget elementor-widget-text-editor\" data-id=\"73025c9\" data-element_type=\"widget\" data-e-type=\"widget\" data-widget_type=\"text-editor.default\">\n\t\t\t\t<div class=\"elementor-widget-container\">\n\t\t\t\t\t\t\t\t\t<p><span style=\"font-style: inherit; font-weight: inherit; text-align: var(--text-align);\">Lasikeng\u00e4ss\u00e4 argentiinalaista tangoa opettavat <strong>Maria Christensen ja Simo Lahtinen. <\/strong><\/span><\/p>\n<p><span style=\"color: #000000;\"><strong>Opetus on tauolla<\/strong> syksyst\u00e4 2025 l\u00e4htien &#8212; mutta<\/span><strong><span style=\"color: #000000;\"> praktikat <\/span><\/strong><span style=\"color: #000000;\">jatkuvat<\/span><strong><span style=\"color: #000000;\">&nbsp;maanantaisin klo 19-21! <\/span><\/strong><span style=\"color: #000000;\">Ks. linkki <span style=\"color: #ff00ff;\"><a style=\"color: #ff00ff;\" href=\"http:\/\/www.lasikenka.fi\">etusivulla<\/a><\/span>!<\/span><\/p>\t\t\t\t\t\t\t\t<\/div>\n\t\t\t\t<\/div>\n\t\t<div class=\"elementor-element elementor-element-cc457bf e-con-full e-flex e-con e-child\" data-id=\"cc457bf\" data-element_type=\"container\" data-e-type=\"container\">\n\t\t\t\t<div class=\"elementor-element elementor-element-15cde1b elementor-widget-divider--view-line elementor-widget elementor-widget-divider\" data-id=\"15cde1b\" data-element_type=\"widget\" data-e-type=\"widget\" data-widget_type=\"divider.default\">\n\t\t\t\t<div class=\"elementor-widget-container\">\n\t\t\t\t\t\t\t<div class=\"elementor-divider\">\n\t\t\t<span class=\"elementor-divider-separator\">\n\t\t\t\t\t\t<\/span>\n\t\t<\/div>\n\t\t\t\t\t\t<\/div>\n\t\t\t\t<\/div>\n\t\t\t\t<\/div>\n\t\t\t\t\t<\/div>\n\t\t\t\t<\/div>\n\t\t\t\t<\/div>\n\t\t","protected":false},"excerpt":{"rendered":"<p>Argentiinalainen tango (Tangoriihi) Lasikeng\u00e4ss\u00e4 argentiinalaista tangoa opettavat Maria Christensen ja Simo Lahtinen. Opetus on tauolla syksyst\u00e4 2025 l\u00e4htien &#8212; mutta praktikat jatkuvat&nbsp;maanantaisin klo 19-21! Ks. linkki etusivulla!<\/p>\n","protected":false},"author":3,"featured_media":0,"parent":0,"menu_order":0,"comment_status":"closed","ping_status":"closed","template":"","meta":{"site-sidebar-layout":"no-sidebar","site-content-layout":"page-builder","ast-site-content-layout":"full-width-container","site-content-style":"default","site-sidebar-style":"default","ast-global-header-display":"","ast-banner-title-visibility":"","ast-main-header-display":"","ast-hfb-above-header-display":"","ast-hfb-below-header-display":"","ast-hfb-mobile-header-display":"","site-post-title":"disabled","ast-breadcrumbs-content":"","ast-featured-img":"disabled","footer-sml-layout":"","theme-transparent-header-meta":"","adv-header-id-meta":"","stick-header-meta":"","header-above-stick-meta":"","header-main-stick-meta":"","header-below-stick-meta":"","astra-migrate-meta-layouts":"set","footnotes":""},"class_list":["post-1831","page","type-page","status-publish","hentry"],"_links":{"self":[{"href":"https:\/\/lasikenka.fi\/index.php\/wp-json\/wp\/v2\/pages\/1831","targetHints":{"allow":["GET"]}}],"collection":[{"href":"https:\/\/lasikenka.fi\/index.php\/wp-json\/wp\/v2\/pages"}],"about":[{"href":"https:\/\/lasikenka.fi\/index.php\/wp-json\/wp\/v2\/types\/page"}],"author":[{"embeddable":true,"href":"https:\/\/lasikenka.fi\/index.php\/wp-json\/wp\/v2\/users\/3"}],"replies":[{"embeddable":true,"href":"https:\/\/lasikenka.fi\/index.php\/wp-json\/wp\/v2\/comments?post=1831"}],"version-history":[{"count":189,"href":"https:\/\/lasikenka.fi\/index.php\/wp-json\/wp\/v2\/pages\/1831\/revisions"}],"predecessor-version":[{"id":7913,"href":"https:\/\/lasikenka.fi\/index.php\/wp-json\/wp\/v2\/pages\/1831\/revisions\/7913"}],"wp:attachment":[{"href":"https:\/\/lasikenka.fi\/index.php\/wp-json\/wp\/v2\/media?parent=1831"}],"curies":[{"name":"wp","href":"https:\/\/api.w.org\/{rel}","templated":true}]}}