{"id":209,"date":"2023-07-21T10:18:39","date_gmt":"2023-07-21T10:18:39","guid":{"rendered":"https:\/\/lasikenka.tietokettu.net\/?page_id=209"},"modified":"2023-07-28T11:21:18","modified_gmt":"2023-07-28T11:21:18","slug":"lasikenka","status":"publish","type":"page","link":"https:\/\/lasikenka.fi\/index.php\/lasikenka\/","title":{"rendered":"Lasikenk\u00e4"},"content":{"rendered":"\t\t<div data-elementor-type=\"wp-page\" data-elementor-id=\"209\" class=\"elementor elementor-209\">\n\t\t\t\t\t\t<section class=\"elementor-section elementor-top-section elementor-element elementor-element-3fd1c8a elementor-section-boxed elementor-section-height-default elementor-section-height-default\" data-id=\"3fd1c8a\" data-element_type=\"section\" data-e-type=\"section\">\n\t\t\t\t\t\t<div class=\"elementor-container elementor-column-gap-default\">\n\t\t\t\t\t<div class=\"elementor-column elementor-col-100 elementor-top-column elementor-element elementor-element-0d621d7\" data-id=\"0d621d7\" data-element_type=\"column\" data-e-type=\"column\">\n\t\t\t<div class=\"elementor-widget-wrap elementor-element-populated\">\n\t\t\t\t\t\t<div class=\"elementor-element elementor-element-1c97149 elementor-widget elementor-widget-heading\" data-id=\"1c97149\" data-element_type=\"widget\" data-e-type=\"widget\" data-widget_type=\"heading.default\">\n\t\t\t\t<div class=\"elementor-widget-container\">\n\t\t\t\t\t<h2 class=\"elementor-heading-title elementor-size-default\">Miten Lasikenk\u00e4 sai alkunsa?<\/h2>\t\t\t\t<\/div>\n\t\t\t\t<\/div>\n\t\t\t\t\t<\/div>\n\t\t<\/div>\n\t\t\t\t\t<\/div>\n\t\t<\/section>\n\t\t\t\t<section class=\"elementor-section elementor-top-section elementor-element elementor-element-8863504 elementor-section-boxed elementor-section-height-default elementor-section-height-default\" data-id=\"8863504\" data-element_type=\"section\" data-e-type=\"section\">\n\t\t\t\t\t\t<div class=\"elementor-container elementor-column-gap-default\">\n\t\t\t\t\t<div class=\"elementor-column elementor-col-100 elementor-top-column elementor-element elementor-element-520eb24\" data-id=\"520eb24\" data-element_type=\"column\" data-e-type=\"column\">\n\t\t\t<div class=\"elementor-widget-wrap elementor-element-populated\">\n\t\t\t\t\t\t<div class=\"elementor-element elementor-element-83266f6 elementor-widget elementor-widget-text-editor\" data-id=\"83266f6\" data-element_type=\"widget\" data-e-type=\"widget\" data-widget_type=\"text-editor.default\">\n\t\t\t\t<div class=\"elementor-widget-container\">\n\t\t\t\t\t\t\t\t\t<h5>TANSSIKOULU LASIKENK\u00c4<\/h5><h5>Riihim\u00e4ell\u00e4 on vuoden 2017 alusta toiminut uusi tanssikoulu lavatanssijoille, Tanssikoulu Lasikenk\u00e4. Koulun perusti kaksi rohkeaa naista, Outi Tonteri ja Jaana Jokinen.<\/h5><h5>Outi on seuratanssinohjaaja (Susel) ja tanssinopettaja (STOL), joka on aiemmin ohjannut Tanssiseura Baunssissa (H\u00e4meenlinnassa) ja Tanssiseura Hymyhuulissa (Hyvink\u00e4\u00e4ll\u00e4).<\/h5><h5>Jaana on seuratanssinohjaaja, joka on aiemmin ohjannut Tanssiseura Hymyhuulissa.<\/h5><h5>Vuoden 2017 alussa tuli se hetki, ett\u00e4 oli aika perustaa oma tanssikoulu.\u00a0Riihim\u00e4elt\u00e4 Lasitehtaantielt\u00e4 l\u00f6ytyi sopiva tila, 110 m2 kokoinen sali, jossa on erinomaiset puitteet. Tanssikoulun nimeksi tuli Lasikenk\u00e4.<\/h5><h5>Tanssikoulu Lasikeng\u00e4ss\u00e4 sinun on helppo aloittaa uusi harrastus, lavatanssi.<\/h5>\t\t\t\t\t\t\t\t<\/div>\n\t\t\t\t<\/div>\n\t\t\t\t<div class=\"elementor-element elementor-element-65226a8 elementor-widget elementor-widget-image\" data-id=\"65226a8\" data-element_type=\"widget\" data-e-type=\"widget\" data-widget_type=\"image.default\">\n\t\t\t\t<div class=\"elementor-widget-container\">\n\t\t\t\t\t\t\t\t\t\t\t\t\t\t\t<img decoding=\"async\" src=\"https:\/\/lasikenka.tietokettu.net\/wp-content\/uploads\/2023\/07\/DSC00836-scaled.jpg\" title=\"\" alt=\"\" loading=\"lazy\" \/>\t\t\t\t\t\t\t\t\t\t\t\t\t\t\t<\/div>\n\t\t\t\t<\/div>\n\t\t\t\t\t<\/div>\n\t\t<\/div>\n\t\t\t\t\t<\/div>\n\t\t<\/section>\n\t\t\t\t<\/div>\n\t\t","protected":false},"excerpt":{"rendered":"<p>Miten Lasikenk\u00e4 sai alkunsa? TANSSIKOULU LASIKENK\u00c4 Riihim\u00e4ell\u00e4 on vuoden 2017 alusta toiminut uusi tanssikoulu lavatanssijoille, Tanssikoulu Lasikenk\u00e4. Koulun perusti kaksi rohkeaa naista, Outi Tonteri ja Jaana Jokinen. Outi on seuratanssinohjaaja (Susel) ja tanssinopettaja (STOL), joka on aiemmin ohjannut Tanssiseura Baunssissa (H\u00e4meenlinnassa) ja Tanssiseura Hymyhuulissa (Hyvink\u00e4\u00e4ll\u00e4). Jaana on seuratanssinohjaaja, joka on aiemmin ohjannut Tanssiseura Hymyhuulissa. Vuoden &hellip;<\/p>\n<p class=\"read-more\"> <a class=\"\" href=\"https:\/\/lasikenka.fi\/index.php\/lasikenka\/\"> <span class=\"screen-reader-text\">Lasikenk\u00e4<\/span> Lue lis\u00e4\u00e4 &raquo;<\/a><\/p>\n","protected":false},"author":1,"featured_media":0,"parent":0,"menu_order":0,"comment_status":"closed","ping_status":"closed","template":"","meta":{"site-sidebar-layout":"no-sidebar","site-content-layout":"page-builder","ast-site-content-layout":"","site-content-style":"default","site-sidebar-style":"default","ast-global-header-display":"","ast-banner-title-visibility":"","ast-main-header-display":"","ast-hfb-above-header-display":"","ast-hfb-below-header-display":"","ast-hfb-mobile-header-display":"","site-post-title":"disabled","ast-breadcrumbs-content":"","ast-featured-img":"disabled","footer-sml-layout":"","theme-transparent-header-meta":"","adv-header-id-meta":"","stick-header-meta":"","header-above-stick-meta":"","header-main-stick-meta":"","header-below-stick-meta":"","astra-migrate-meta-layouts":"","footnotes":""},"class_list":["post-209","page","type-page","status-publish","hentry"],"_links":{"self":[{"href":"https:\/\/lasikenka.fi\/index.php\/wp-json\/wp\/v2\/pages\/209","targetHints":{"allow":["GET"]}}],"collection":[{"href":"https:\/\/lasikenka.fi\/index.php\/wp-json\/wp\/v2\/pages"}],"about":[{"href":"https:\/\/lasikenka.fi\/index.php\/wp-json\/wp\/v2\/types\/page"}],"author":[{"embeddable":true,"href":"https:\/\/lasikenka.fi\/index.php\/wp-json\/wp\/v2\/users\/1"}],"replies":[{"embeddable":true,"href":"https:\/\/lasikenka.fi\/index.php\/wp-json\/wp\/v2\/comments?post=209"}],"version-history":[{"count":16,"href":"https:\/\/lasikenka.fi\/index.php\/wp-json\/wp\/v2\/pages\/209\/revisions"}],"predecessor-version":[{"id":313,"href":"https:\/\/lasikenka.fi\/index.php\/wp-json\/wp\/v2\/pages\/209\/revisions\/313"}],"wp:attachment":[{"href":"https:\/\/lasikenka.fi\/index.php\/wp-json\/wp\/v2\/media?parent=209"}],"curies":[{"name":"wp","href":"https:\/\/api.w.org\/{rel}","templated":true}]}}