{"id":268,"date":"2023-07-27T11:01:35","date_gmt":"2023-07-27T11:01:35","guid":{"rendered":"https:\/\/lasikenka.tietokettu.net\/?page_id=268"},"modified":"2025-08-11T11:35:02","modified_gmt":"2025-08-11T08:35:02","slug":"outin-yksityistunnit","status":"publish","type":"page","link":"https:\/\/lasikenka.fi\/index.php\/outin-yksityistunnit\/","title":{"rendered":"Outin yksityistunnit"},"content":{"rendered":"\t\t<div data-elementor-type=\"wp-page\" data-elementor-id=\"268\" class=\"elementor elementor-268\">\n\t\t\t\t\t\t<section class=\"elementor-section elementor-top-section elementor-element elementor-element-a5b12e3 elementor-section-boxed elementor-section-height-default elementor-section-height-default elementor-invisible\" data-id=\"a5b12e3\" data-element_type=\"section\" data-e-type=\"section\" data-settings=\"{&quot;animation&quot;:&quot;slideInLeft&quot;}\">\n\t\t\t\t\t\t<div class=\"elementor-container elementor-column-gap-default\">\n\t\t\t\t\t<div class=\"elementor-column elementor-col-100 elementor-top-column elementor-element elementor-element-39eb7c3\" data-id=\"39eb7c3\" data-element_type=\"column\" data-e-type=\"column\">\n\t\t\t<div class=\"elementor-widget-wrap elementor-element-populated\">\n\t\t\t\t\t\t<div class=\"elementor-element elementor-element-ed2c8cd elementor-widget elementor-widget-image\" data-id=\"ed2c8cd\" data-element_type=\"widget\" data-e-type=\"widget\" data-widget_type=\"image.default\">\n\t\t\t\t<div class=\"elementor-widget-container\">\n\t\t\t\t\t\t\t\t\t\t\t\t\t\t\t<img fetchpriority=\"high\" decoding=\"async\" width=\"227\" height=\"300\" src=\"https:\/\/lasikenka.fi\/wp-content\/uploads\/2025\/07\/20250629_075933-227x300.jpg\" class=\"attachment-medium size-medium wp-image-6867\" alt=\"\" srcset=\"https:\/\/lasikenka.fi\/wp-content\/uploads\/2025\/07\/20250629_075933-227x300.jpg 227w, https:\/\/lasikenka.fi\/wp-content\/uploads\/2025\/07\/20250629_075933-774x1024.jpg 774w, https:\/\/lasikenka.fi\/wp-content\/uploads\/2025\/07\/20250629_075933-768x1016.jpg 768w, https:\/\/lasikenka.fi\/wp-content\/uploads\/2025\/07\/20250629_075933-1161x1536.jpg 1161w, https:\/\/lasikenka.fi\/wp-content\/uploads\/2025\/07\/20250629_075933-1548x2048.jpg 1548w, https:\/\/lasikenka.fi\/wp-content\/uploads\/2025\/07\/20250629_075933-scaled.jpg 1935w\" sizes=\"(max-width: 227px) 100vw, 227px\" \/>\t\t\t\t\t\t\t\t\t\t\t\t\t\t\t<\/div>\n\t\t\t\t<\/div>\n\t\t\t\t<div class=\"elementor-element elementor-element-b562e5f elementor-widget elementor-widget-heading\" data-id=\"b562e5f\" data-element_type=\"widget\" data-e-type=\"widget\" data-widget_type=\"heading.default\">\n\t\t\t\t<div class=\"elementor-widget-container\">\n\t\t\t\t\t<h2 class=\"elementor-heading-title elementor-size-default\">Outin yksityistunnit<\/h2>\t\t\t\t<\/div>\n\t\t\t\t<\/div>\n\t\t<div class=\"elementor-element elementor-element-895d11c e-flex e-con-boxed e-con e-parent\" data-id=\"895d11c\" data-element_type=\"container\" data-e-type=\"container\">\n\t\t\t\t\t<div class=\"e-con-inner\">\n\t\t\t\t<div class=\"elementor-element elementor-element-86f62ad elementor-widget-divider--view-line elementor-widget elementor-widget-divider\" data-id=\"86f62ad\" data-element_type=\"widget\" data-e-type=\"widget\" data-widget_type=\"divider.default\">\n\t\t\t\t<div class=\"elementor-widget-container\">\n\t\t\t\t\t\t\t<div class=\"elementor-divider\">\n\t\t\t<span class=\"elementor-divider-separator\">\n\t\t\t\t\t\t<\/span>\n\t\t<\/div>\n\t\t\t\t\t\t<\/div>\n\t\t\t\t<\/div>\n\t\t\t\t\t<\/div>\n\t\t\t\t<\/div>\n\t\t\t\t<div class=\"elementor-element elementor-element-fca3749 elementor-widget elementor-widget-text-editor\" data-id=\"fca3749\" data-element_type=\"widget\" data-e-type=\"widget\" data-widget_type=\"text-editor.default\">\n\t\t\t\t<div class=\"elementor-widget-container\">\n\t\t\t\t\t\t\t\t\t<p>Voit tulla yksityistunnille oman parin kanssa tai ilman paria. Annan yksityistunteja sek\u00e4 viejille ett\u00e4 seuraajille.\u00a0<\/p><p>\u00a0<\/p><p>Mielell\u00e4\u00e4n opetan my\u00f6s naispareja; t\u00e4ll\u00f6in toinen voi olla koko ajan viej\u00e4 tai rooleja voidaan vaihdella, jolloin molemmat oppivat viem\u00e4\u00e4n.<\/p><p>\u00a0<\/p><p>Yksityistunnilla voi olla yht\u00e4 aikaa useampi pari, jolloin osallistujat jakavat hinnan kesken\u00e4\u00e4n.<\/p>\t\t\t\t\t\t\t\t<\/div>\n\t\t\t\t<\/div>\n\t\t\t\t\t<\/div>\n\t\t<\/div>\n\t\t\t\t\t<\/div>\n\t\t<\/section>\n\t\t<div class=\"elementor-element elementor-element-fcacd23 e-flex e-con-boxed e-con e-parent\" data-id=\"fcacd23\" data-element_type=\"container\" data-e-type=\"container\">\n\t\t\t\t\t<div class=\"e-con-inner\">\n\t\t\t\t<div class=\"elementor-element elementor-element-baa6a8a elementor-widget-divider--view-line elementor-invisible elementor-widget elementor-widget-divider\" data-id=\"baa6a8a\" data-element_type=\"widget\" data-e-type=\"widget\" data-settings=\"{&quot;_animation&quot;:&quot;slideInLeft&quot;}\" data-widget_type=\"divider.default\">\n\t\t\t\t<div class=\"elementor-widget-container\">\n\t\t\t\t\t\t\t<div class=\"elementor-divider\">\n\t\t\t<span class=\"elementor-divider-separator\">\n\t\t\t\t\t\t<\/span>\n\t\t<\/div>\n\t\t\t\t\t\t<\/div>\n\t\t\t\t<\/div>\n\t\t\t\t\t<\/div>\n\t\t\t\t<\/div>\n\t\t\t\t<section class=\"elementor-section elementor-top-section elementor-element elementor-element-795c474 elementor-section-boxed elementor-section-height-default elementor-section-height-default elementor-invisible\" data-id=\"795c474\" data-element_type=\"section\" data-e-type=\"section\" data-settings=\"{&quot;animation&quot;:&quot;slideInLeft&quot;}\">\n\t\t\t\t\t\t<div class=\"elementor-container elementor-column-gap-default\">\n\t\t\t\t\t<div class=\"elementor-column elementor-col-100 elementor-top-column elementor-element elementor-element-2c637ce\" data-id=\"2c637ce\" data-element_type=\"column\" data-e-type=\"column\">\n\t\t\t<div class=\"elementor-widget-wrap elementor-element-populated\">\n\t\t\t\t\t\t<div class=\"elementor-element elementor-element-2bd471d elementor-widget elementor-widget-text-editor\" data-id=\"2bd471d\" data-element_type=\"widget\" data-e-type=\"widget\" data-widget_type=\"text-editor.default\">\n\t\t\t\t<div class=\"elementor-widget-container\">\n\t\t\t\t\t\t\t\t\t<p>Outin yksityistuntien hinta uusille oppilaille hinta on <b>50\u20ac\/60min<\/b> (sis.salivuokra). &#8221;Vanhojen&#8221; oppilaiden hinta: sopimuksen mukaan.\u00a0<\/p><p>Maksutavat Outin tunneilla: <span style=\"font-size: 1rem; text-align: var(--text-align);\">k\u00e4teinen, pankkikortti, MobilePay, Epassi.\u00a0<\/span><\/p>\t\t\t\t\t\t\t\t<\/div>\n\t\t\t\t<\/div>\n\t\t\t\t\t<\/div>\n\t\t<\/div>\n\t\t\t\t\t<\/div>\n\t\t<\/section>\n\t\t<div class=\"elementor-element elementor-element-d6b1be1 e-flex e-con-boxed e-con e-parent\" data-id=\"d6b1be1\" data-element_type=\"container\" data-e-type=\"container\">\n\t\t\t\t\t<div class=\"e-con-inner\">\n\t\t\t\t<div class=\"elementor-element elementor-element-bc895d1 elementor-widget-divider--view-line elementor-widget elementor-widget-divider\" data-id=\"bc895d1\" data-element_type=\"widget\" data-e-type=\"widget\" data-widget_type=\"divider.default\">\n\t\t\t\t<div class=\"elementor-widget-container\">\n\t\t\t\t\t\t\t<div class=\"elementor-divider\">\n\t\t\t<span class=\"elementor-divider-separator\">\n\t\t\t\t\t\t<\/span>\n\t\t<\/div>\n\t\t\t\t\t\t<\/div>\n\t\t\t\t<\/div>\n\t\t\t\t\t<\/div>\n\t\t\t\t<\/div>\n\t\t\t\t<\/div>\n\t\t","protected":false},"excerpt":{"rendered":"<p>Outin yksityistunnit Voit tulla yksityistunnille oman parin kanssa tai ilman paria. Annan yksityistunteja sek\u00e4 viejille ett\u00e4 seuraajille.\u00a0 \u00a0 Mielell\u00e4\u00e4n opetan my\u00f6s naispareja; t\u00e4ll\u00f6in toinen voi olla koko ajan viej\u00e4 tai rooleja voidaan vaihdella, jolloin molemmat oppivat viem\u00e4\u00e4n. \u00a0 Yksityistunnilla voi olla yht\u00e4 aikaa useampi pari, jolloin osallistujat jakavat hinnan kesken\u00e4\u00e4n. Outin yksityistuntien hinta uusille oppilaille &hellip;<\/p>\n<p class=\"read-more\"> <a class=\"\" href=\"https:\/\/lasikenka.fi\/index.php\/outin-yksityistunnit\/\"> <span class=\"screen-reader-text\">Outin yksityistunnit<\/span> Lue lis\u00e4\u00e4 &raquo;<\/a><\/p>\n","protected":false},"author":1,"featured_media":0,"parent":0,"menu_order":0,"comment_status":"closed","ping_status":"closed","template":"","meta":{"site-sidebar-layout":"no-sidebar","site-content-layout":"page-builder","ast-site-content-layout":"","site-content-style":"default","site-sidebar-style":"default","ast-global-header-display":"","ast-banner-title-visibility":"","ast-main-header-display":"","ast-hfb-above-header-display":"","ast-hfb-below-header-display":"","ast-hfb-mobile-header-display":"","site-post-title":"disabled","ast-breadcrumbs-content":"","ast-featured-img":"disabled","footer-sml-layout":"","theme-transparent-header-meta":"","adv-header-id-meta":"","stick-header-meta":"","header-above-stick-meta":"","header-main-stick-meta":"","header-below-stick-meta":"","astra-migrate-meta-layouts":"","footnotes":""},"class_list":["post-268","page","type-page","status-publish","hentry"],"_links":{"self":[{"href":"https:\/\/lasikenka.fi\/index.php\/wp-json\/wp\/v2\/pages\/268","targetHints":{"allow":["GET"]}}],"collection":[{"href":"https:\/\/lasikenka.fi\/index.php\/wp-json\/wp\/v2\/pages"}],"about":[{"href":"https:\/\/lasikenka.fi\/index.php\/wp-json\/wp\/v2\/types\/page"}],"author":[{"embeddable":true,"href":"https:\/\/lasikenka.fi\/index.php\/wp-json\/wp\/v2\/users\/1"}],"replies":[{"embeddable":true,"href":"https:\/\/lasikenka.fi\/index.php\/wp-json\/wp\/v2\/comments?post=268"}],"version-history":[{"count":145,"href":"https:\/\/lasikenka.fi\/index.php\/wp-json\/wp\/v2\/pages\/268\/revisions"}],"predecessor-version":[{"id":7045,"href":"https:\/\/lasikenka.fi\/index.php\/wp-json\/wp\/v2\/pages\/268\/revisions\/7045"}],"wp:attachment":[{"href":"https:\/\/lasikenka.fi\/index.php\/wp-json\/wp\/v2\/media?parent=268"}],"curies":[{"name":"wp","href":"https:\/\/api.w.org\/{rel}","templated":true}]}}