{"id":59,"date":"2023-07-19T13:53:43","date_gmt":"2023-07-19T13:53:43","guid":{"rendered":"https:\/\/lasikenka.tietokettu.net\/?page_id=59"},"modified":"2025-01-20T13:10:10","modified_gmt":"2025-01-20T10:10:10","slug":"salivuokraus","status":"publish","type":"page","link":"https:\/\/lasikenka.fi\/index.php\/salivuokraus\/","title":{"rendered":"Salivuokraus"},"content":{"rendered":"\t\t<div data-elementor-type=\"wp-page\" data-elementor-id=\"59\" class=\"elementor elementor-59\">\n\t\t\t\t\t\t<section class=\"elementor-section elementor-top-section elementor-element elementor-element-3af13a2 elementor-section-boxed elementor-section-height-default elementor-section-height-default elementor-invisible\" data-id=\"3af13a2\" data-element_type=\"section\" data-e-type=\"section\" data-settings=\"{&quot;background_background&quot;:&quot;classic&quot;,&quot;animation&quot;:&quot;slideInLeft&quot;}\">\n\t\t\t\t\t\t<div class=\"elementor-container elementor-column-gap-default\">\n\t\t\t\t\t<div class=\"elementor-column elementor-col-100 elementor-top-column elementor-element elementor-element-a50ab10\" data-id=\"a50ab10\" data-element_type=\"column\" data-e-type=\"column\">\n\t\t\t<div class=\"elementor-widget-wrap elementor-element-populated\">\n\t\t\t\t\t\t<section class=\"elementor-section elementor-inner-section elementor-element elementor-element-1b5803b elementor-section-boxed elementor-section-height-default elementor-section-height-default\" data-id=\"1b5803b\" data-element_type=\"section\" data-e-type=\"section\">\n\t\t\t\t\t\t<div class=\"elementor-container elementor-column-gap-default\">\n\t\t\t\t\t<div class=\"elementor-column elementor-col-50 elementor-inner-column elementor-element elementor-element-71f981f\" data-id=\"71f981f\" data-element_type=\"column\" data-e-type=\"column\">\n\t\t\t<div class=\"elementor-widget-wrap elementor-element-populated\">\n\t\t\t\t\t\t<div class=\"elementor-element elementor-element-beaa99e elementor-widget elementor-widget-image\" data-id=\"beaa99e\" data-element_type=\"widget\" data-e-type=\"widget\" data-widget_type=\"image.default\">\n\t\t\t\t<div class=\"elementor-widget-container\">\n\t\t\t\t\t\t\t\t\t\t\t\t\t\t\t<img fetchpriority=\"high\" decoding=\"async\" width=\"1024\" height=\"768\" src=\"https:\/\/lasikenka.fi\/wp-content\/uploads\/2023\/08\/sali-1024x768.jpg\" class=\"attachment-large size-large wp-image-1648\" alt=\"\" srcset=\"https:\/\/lasikenka.fi\/wp-content\/uploads\/2023\/08\/sali-1024x768.jpg 1024w, https:\/\/lasikenka.fi\/wp-content\/uploads\/2023\/08\/sali-300x225.jpg 300w, https:\/\/lasikenka.fi\/wp-content\/uploads\/2023\/08\/sali-768x576.jpg 768w, https:\/\/lasikenka.fi\/wp-content\/uploads\/2023\/08\/sali-1536x1152.jpg 1536w, https:\/\/lasikenka.fi\/wp-content\/uploads\/2023\/08\/sali-2048x1536.jpg 2048w\" sizes=\"(max-width: 1024px) 100vw, 1024px\" \/>\t\t\t\t\t\t\t\t\t\t\t\t\t\t\t<\/div>\n\t\t\t\t<\/div>\n\t\t\t\t\t<\/div>\n\t\t<\/div>\n\t\t\t\t<div class=\"elementor-column elementor-col-50 elementor-inner-column elementor-element elementor-element-7394a4f\" data-id=\"7394a4f\" data-element_type=\"column\" data-e-type=\"column\">\n\t\t\t<div class=\"elementor-widget-wrap elementor-element-populated\">\n\t\t\t\t\t\t\t<\/div>\n\t\t<\/div>\n\t\t\t\t\t<\/div>\n\t\t<\/section>\n\t\t\t\t\t<\/div>\n\t\t<\/div>\n\t\t\t\t\t<\/div>\n\t\t<\/section>\n\t\t<div class=\"elementor-element elementor-element-3b50094 e-flex e-con-boxed e-con e-parent\" data-id=\"3b50094\" data-element_type=\"container\" data-e-type=\"container\">\n\t\t\t\t\t<div class=\"e-con-inner\">\n\t\t\t\t<div class=\"elementor-element elementor-element-327b134 elementor-invisible elementor-widget elementor-widget-heading\" data-id=\"327b134\" data-element_type=\"widget\" data-e-type=\"widget\" data-settings=\"{&quot;_animation&quot;:&quot;slideInLeft&quot;}\" data-widget_type=\"heading.default\">\n\t\t\t\t<div class=\"elementor-widget-container\">\n\t\t\t\t\t<h2 class=\"elementor-heading-title elementor-size-default\">Salivuokraus<\/h2>\t\t\t\t<\/div>\n\t\t\t\t<\/div>\n\t\t\t\t\t<\/div>\n\t\t\t\t<\/div>\n\t\t<div class=\"elementor-element elementor-element-5528e3e e-flex e-con-boxed e-con e-parent\" data-id=\"5528e3e\" data-element_type=\"container\" data-e-type=\"container\">\n\t\t\t\t\t<div class=\"e-con-inner\">\n\t\t\t\t<div class=\"elementor-element elementor-element-502636e elementor-invisible elementor-widget elementor-widget-text-editor\" data-id=\"502636e\" data-element_type=\"widget\" data-e-type=\"widget\" data-settings=\"{&quot;_animation&quot;:&quot;slideInLeft&quot;}\" data-widget_type=\"text-editor.default\">\n\t\t\t\t<div class=\"elementor-widget-container\">\n\t\t\t\t\t\t\t\t\t<p>Tanssikoulu Lasikeng\u00e4n\u00a0sali on vuokrattavissa\u00a0omiin tanssiharjoituksiin, yksityistilaisuuksiin, tyky-toimintaan ym.<\/p><p>\u00a0<\/p><p>Sali on kooltaan 110 m\u00b2. Lattia on laminaattia. Salissa on peilit kahdella sein\u00e4ll\u00e4, \u00e4\u00e4nentoistolaitteet (liit\u00e4nt\u00e4 3,5mm plugilla esim. k\u00e4nnyk\u00e4st\u00e4 + l\u00f6ytyy adapterit: USB-C ja iPhone), videotykki (liit\u00e4nt\u00e4 VGA tai adapterilla HDMI), kamerajalusta oman tanssin kuvaamiseen (adapteri k\u00e4nnylle).\u00a0<\/p><p>\u00a0<\/p><p>Salissa on ilmal\u00e4mp\u00f6pumppu, joten l\u00e4mp\u00f6tila on aina kohdallaan!<\/p>\t\t\t\t\t\t\t\t<\/div>\n\t\t\t\t<\/div>\n\t\t\t\t\t<\/div>\n\t\t\t\t<\/div>\n\t\t<div class=\"elementor-element elementor-element-c099dcc e-flex e-con-boxed e-con e-parent\" data-id=\"c099dcc\" data-element_type=\"container\" data-e-type=\"container\">\n\t\t\t\t\t<div class=\"e-con-inner\">\n\t\t\t\t<div class=\"elementor-element elementor-element-dffe646 elementor-widget-divider--view-line elementor-invisible elementor-widget elementor-widget-divider\" data-id=\"dffe646\" data-element_type=\"widget\" data-e-type=\"widget\" data-settings=\"{&quot;_animation&quot;:&quot;slideInLeft&quot;}\" data-widget_type=\"divider.default\">\n\t\t\t\t<div class=\"elementor-widget-container\">\n\t\t\t\t\t\t\t<div class=\"elementor-divider\">\n\t\t\t<span class=\"elementor-divider-separator\">\n\t\t\t\t\t\t<\/span>\n\t\t<\/div>\n\t\t\t\t\t\t<\/div>\n\t\t\t\t<\/div>\n\t\t\t\t\t<\/div>\n\t\t\t\t<\/div>\n\t\t\t\t<section class=\"elementor-section elementor-top-section elementor-element elementor-element-eb329a2 elementor-section-boxed elementor-section-height-default elementor-section-height-default elementor-invisible\" data-id=\"eb329a2\" data-element_type=\"section\" data-e-type=\"section\" data-settings=\"{&quot;background_background&quot;:&quot;classic&quot;,&quot;animation&quot;:&quot;slideInLeft&quot;}\">\n\t\t\t\t\t\t<div class=\"elementor-container elementor-column-gap-default\">\n\t\t\t\t\t<div class=\"elementor-column elementor-col-100 elementor-top-column elementor-element elementor-element-7672c67\" data-id=\"7672c67\" data-element_type=\"column\" data-e-type=\"column\">\n\t\t\t<div class=\"elementor-widget-wrap elementor-element-populated\">\n\t\t\t\t\t\t<div class=\"elementor-element elementor-element-627bb25 elementor-invisible elementor-widget elementor-widget-text-editor\" data-id=\"627bb25\" data-element_type=\"widget\" data-e-type=\"widget\" data-settings=\"{&quot;_animation&quot;:&quot;slideInLeft&quot;}\" data-widget_type=\"text-editor.default\">\n\t\t\t\t<div class=\"elementor-widget-container\">\n\t\t\t\t\t\t\t\t\t<h2><strong>Salivuokrat\u00a0<\/strong><\/h2><ul><li><p>Yksitt\u00e4inen kerta 1-2 tuntia: <strong>25\u20ac\/h<\/strong><\/p><\/li><li><p>Yksitt\u00e4inen kerta 3 tuntia tai enemm\u00e4n: <strong>sopimuksen mukaan<\/strong><\/p><\/li><li>S\u00e4\u00e4nn\u00f6llinen salin k\u00e4ytt\u00f6, kaupalliseen tarkoitukseen: <b>sopimuksen mukaan<\/b><\/li><li><p>S\u00e4\u00e4nn\u00f6llinen salin k\u00e4ytt\u00f6, omaan harjoitteluun (esim. viikottain koko kev\u00e4\u00e4n tai koko syksyn): <strong>15\u20ac\/kerta<\/strong>,\u00a0kun maksat 10 k\u00e4ytt\u00f6kertaa (=150\u20ac) etuk\u00e4teen<\/p><\/li><\/ul>\t\t\t\t\t\t\t\t<\/div>\n\t\t\t\t<\/div>\n\t\t\t\t\t<\/div>\n\t\t<\/div>\n\t\t\t\t\t<\/div>\n\t\t<\/section>\n\t\t\t\t<section class=\"elementor-section elementor-top-section elementor-element elementor-element-966ce97 elementor-section-boxed elementor-section-height-default elementor-section-height-default elementor-invisible\" data-id=\"966ce97\" data-element_type=\"section\" data-e-type=\"section\" data-settings=\"{&quot;background_background&quot;:&quot;classic&quot;,&quot;animation&quot;:&quot;slideInLeft&quot;}\">\n\t\t\t\t\t\t<div class=\"elementor-container elementor-column-gap-default\">\n\t\t\t\t\t<div class=\"elementor-column elementor-col-100 elementor-top-column elementor-element elementor-element-3607699\" data-id=\"3607699\" data-element_type=\"column\" data-e-type=\"column\">\n\t\t\t<div class=\"elementor-widget-wrap elementor-element-populated\">\n\t\t\t\t<div class=\"elementor-element elementor-element-6265877 e-flex e-con-boxed e-con e-parent\" data-id=\"6265877\" data-element_type=\"container\" data-e-type=\"container\">\n\t\t\t\t\t<div class=\"e-con-inner\">\n\t\t\t\t<div class=\"elementor-element elementor-element-9c7f980 elementor-widget-divider--view-line elementor-widget elementor-widget-divider\" data-id=\"9c7f980\" data-element_type=\"widget\" data-e-type=\"widget\" data-widget_type=\"divider.default\">\n\t\t\t\t<div class=\"elementor-widget-container\">\n\t\t\t\t\t\t\t<div class=\"elementor-divider\">\n\t\t\t<span class=\"elementor-divider-separator\">\n\t\t\t\t\t\t<\/span>\n\t\t<\/div>\n\t\t\t\t\t\t<\/div>\n\t\t\t\t<\/div>\n\t\t\t\t\t<\/div>\n\t\t\t\t<\/div>\n\t\t\t\t<div class=\"elementor-element elementor-element-e774885 elementor-invisible elementor-widget elementor-widget-text-editor\" data-id=\"e774885\" data-element_type=\"widget\" data-e-type=\"widget\" data-settings=\"{&quot;_animation&quot;:&quot;slideInLeft&quot;}\" data-widget_type=\"text-editor.default\">\n\t\t\t\t<div class=\"elementor-widget-container\">\n\t\t\t\t\t\t\t\t\t<p>Katso <strong><span style=\"color: #ff00ff;\"><a style=\"color: #ff00ff;\" href=\"https:\/\/lasikenka.fi\/index.php\/kalenteri\/\">kalenterista<\/a>,<\/span><\/strong> milloin sali on vapaana &#8211;&gt; ota yhteytt\u00e4 Outiin\u00a0<strong>outi@lasikenka.fi <\/strong>tai puh. <strong>045 208 2610.\u00a0<\/strong><\/p>\t\t\t\t\t\t\t\t<\/div>\n\t\t\t\t<\/div>\n\t\t<div class=\"elementor-element elementor-element-566ef2f e-flex e-con-boxed e-con e-parent\" data-id=\"566ef2f\" data-element_type=\"container\" data-e-type=\"container\">\n\t\t\t\t\t<div class=\"e-con-inner\">\n\t\t\t\t<div class=\"elementor-element elementor-element-1955451 elementor-widget-divider--view-line elementor-widget elementor-widget-divider\" data-id=\"1955451\" data-element_type=\"widget\" data-e-type=\"widget\" data-widget_type=\"divider.default\">\n\t\t\t\t<div class=\"elementor-widget-container\">\n\t\t\t\t\t\t\t<div class=\"elementor-divider\">\n\t\t\t<span class=\"elementor-divider-separator\">\n\t\t\t\t\t\t<\/span>\n\t\t<\/div>\n\t\t\t\t\t\t<\/div>\n\t\t\t\t<\/div>\n\t\t\t\t\t<\/div>\n\t\t\t\t<\/div>\n\t\t\t\t\t<\/div>\n\t\t<\/div>\n\t\t\t\t\t<\/div>\n\t\t<\/section>\n\t\t<div class=\"elementor-element elementor-element-b1a6d86 e-flex e-con-boxed elementor-invisible e-con e-parent\" data-id=\"b1a6d86\" data-element_type=\"container\" data-e-type=\"container\" data-settings=\"{&quot;animation&quot;:&quot;slideInLeft&quot;}\">\n\t\t\t\t\t<div class=\"e-con-inner\">\n\t\t\t\t<div class=\"elementor-element elementor-element-785a7d7 elementor-widget elementor-widget-heading\" data-id=\"785a7d7\" data-element_type=\"widget\" data-e-type=\"widget\" data-widget_type=\"heading.default\">\n\t\t\t\t<div class=\"elementor-widget-container\">\n\t\t\t\t\t<h2 class=\"elementor-heading-title elementor-size-default\">Salin sijainti<\/h2>\t\t\t\t<\/div>\n\t\t\t\t<\/div>\n\t\t\t\t\t<\/div>\n\t\t\t\t<\/div>\n\t\t<div class=\"elementor-element elementor-element-2b415af e-flex e-con-boxed elementor-invisible e-con e-parent\" data-id=\"2b415af\" data-element_type=\"container\" data-e-type=\"container\" data-settings=\"{&quot;animation&quot;:&quot;slideInLeft&quot;}\">\n\t\t\t\t\t<div class=\"e-con-inner\">\n\t\t\t\t<div class=\"elementor-element elementor-element-fb4733f elementor-widget elementor-widget-google_maps\" data-id=\"fb4733f\" data-element_type=\"widget\" data-e-type=\"widget\" data-widget_type=\"google_maps.default\">\n\t\t\t\t<div class=\"elementor-widget-container\">\n\t\t\t\t\t\t\t<div class=\"elementor-custom-embed\">\n\t\t\t<iframe loading=\"lazy\"\n\t\t\t\t\tsrc=\"https:\/\/maps.google.com\/maps?q=Tanssikoulu%20lasikenk%C3%A4&#038;t=m&#038;z=16&#038;output=embed&#038;iwloc=near\"\n\t\t\t\t\ttitle=\"Tanssikoulu lasikenk\u00e4\"\n\t\t\t\t\taria-label=\"Tanssikoulu lasikenk\u00e4\"\n\t\t\t><\/iframe>\n\t\t<\/div>\n\t\t\t\t\t\t<\/div>\n\t\t\t\t<\/div>\n\t\t\t\t\t<\/div>\n\t\t\t\t<\/div>\n\t\t<div class=\"elementor-element elementor-element-4088ab9 e-flex e-con-boxed e-con e-parent\" data-id=\"4088ab9\" data-element_type=\"container\" data-e-type=\"container\">\n\t\t\t\t\t<div class=\"e-con-inner\">\n\t\t\t\t<div class=\"elementor-element elementor-element-ad2c0f1 elementor-widget elementor-widget-spacer\" data-id=\"ad2c0f1\" data-element_type=\"widget\" data-e-type=\"widget\" data-widget_type=\"spacer.default\">\n\t\t\t\t<div class=\"elementor-widget-container\">\n\t\t\t\t\t\t\t<div class=\"elementor-spacer\">\n\t\t\t<div class=\"elementor-spacer-inner\"><\/div>\n\t\t<\/div>\n\t\t\t\t\t\t<\/div>\n\t\t\t\t<\/div>\n\t\t\t\t\t<\/div>\n\t\t\t\t<\/div>\n\t\t\t\t<\/div>\n\t\t","protected":false},"excerpt":{"rendered":"<p>Salivuokraus Tanssikoulu Lasikeng\u00e4n\u00a0sali on vuokrattavissa\u00a0omiin tanssiharjoituksiin, yksityistilaisuuksiin, tyky-toimintaan ym. \u00a0 Sali on kooltaan 110 m\u00b2. Lattia on laminaattia. Salissa on peilit kahdella sein\u00e4ll\u00e4, \u00e4\u00e4nentoistolaitteet (liit\u00e4nt\u00e4 3,5mm plugilla esim. k\u00e4nnyk\u00e4st\u00e4 + l\u00f6ytyy adapterit: USB-C ja iPhone), videotykki (liit\u00e4nt\u00e4 VGA tai adapterilla HDMI), kamerajalusta oman tanssin kuvaamiseen (adapteri k\u00e4nnylle).\u00a0 \u00a0 Salissa on ilmal\u00e4mp\u00f6pumppu, joten l\u00e4mp\u00f6tila on aina &hellip;<\/p>\n<p class=\"read-more\"> <a class=\"\" href=\"https:\/\/lasikenka.fi\/index.php\/salivuokraus\/\"> <span class=\"screen-reader-text\">Salivuokraus<\/span> Lue lis\u00e4\u00e4 &raquo;<\/a><\/p>\n","protected":false},"author":1,"featured_media":0,"parent":0,"menu_order":0,"comment_status":"closed","ping_status":"closed","template":"","meta":{"site-sidebar-layout":"no-sidebar","site-content-layout":"page-builder","ast-site-content-layout":"","site-content-style":"default","site-sidebar-style":"default","ast-global-header-display":"","ast-banner-title-visibility":"","ast-main-header-display":"","ast-hfb-above-header-display":"","ast-hfb-below-header-display":"","ast-hfb-mobile-header-display":"","site-post-title":"disabled","ast-breadcrumbs-content":"","ast-featured-img":"disabled","footer-sml-layout":"","theme-transparent-header-meta":"","adv-header-id-meta":"","stick-header-meta":"","header-above-stick-meta":"","header-main-stick-meta":"","header-below-stick-meta":"","astra-migrate-meta-layouts":"","footnotes":""},"class_list":["post-59","page","type-page","status-publish","hentry"],"_links":{"self":[{"href":"https:\/\/lasikenka.fi\/index.php\/wp-json\/wp\/v2\/pages\/59","targetHints":{"allow":["GET"]}}],"collection":[{"href":"https:\/\/lasikenka.fi\/index.php\/wp-json\/wp\/v2\/pages"}],"about":[{"href":"https:\/\/lasikenka.fi\/index.php\/wp-json\/wp\/v2\/types\/page"}],"author":[{"embeddable":true,"href":"https:\/\/lasikenka.fi\/index.php\/wp-json\/wp\/v2\/users\/1"}],"replies":[{"embeddable":true,"href":"https:\/\/lasikenka.fi\/index.php\/wp-json\/wp\/v2\/comments?post=59"}],"version-history":[{"count":103,"href":"https:\/\/lasikenka.fi\/index.php\/wp-json\/wp\/v2\/pages\/59\/revisions"}],"predecessor-version":[{"id":5899,"href":"https:\/\/lasikenka.fi\/index.php\/wp-json\/wp\/v2\/pages\/59\/revisions\/5899"}],"wp:attachment":[{"href":"https:\/\/lasikenka.fi\/index.php\/wp-json\/wp\/v2\/media?parent=59"}],"curies":[{"name":"wp","href":"https:\/\/api.w.org\/{rel}","templated":true}]}}