{"id":6640,"date":"2025-06-25T08:23:56","date_gmt":"2025-06-25T05:23:56","guid":{"rendered":"https:\/\/lasikenka.fi\/?page_id=6640"},"modified":"2025-12-12T13:07:11","modified_gmt":"2025-12-12T10:07:11","slug":"vapaaharjoitukset","status":"publish","type":"page","link":"https:\/\/lasikenka.fi\/index.php\/vapaaharjoitukset\/","title":{"rendered":"Vapaaharjoitukset"},"content":{"rendered":"\t\t<div data-elementor-type=\"wp-page\" data-elementor-id=\"6640\" class=\"elementor elementor-6640\">\n\t\t\t\t<div class=\"elementor-element elementor-element-705006f e-flex e-con-boxed e-con e-parent\" data-id=\"705006f\" data-element_type=\"container\" data-e-type=\"container\">\n\t\t\t\t\t<div class=\"e-con-inner\">\n\t\t<div class=\"elementor-element elementor-element-74a9402 e-con-full e-flex e-con e-child\" data-id=\"74a9402\" data-element_type=\"container\" data-e-type=\"container\">\n\t\t\t\t<div class=\"elementor-element elementor-element-fc922e8 elementor-widget-divider--separator-type-pattern elementor-widget-divider--view-line elementor-widget elementor-widget-divider\" data-id=\"fc922e8\" data-element_type=\"widget\" data-e-type=\"widget\" data-widget_type=\"divider.default\">\n\t\t\t\t<div class=\"elementor-widget-container\">\n\t\t\t\t\t\t\t<div class=\"elementor-divider\" style=\"--divider-pattern-url: url(&quot;data:image\/svg+xml,%3Csvg xmlns=&#039;http:\/\/www.w3.org\/2000\/svg&#039; preserveAspectRatio=&#039;none&#039; overflow=&#039;visible&#039; height=&#039;100%&#039; viewBox=&#039;0 0 24 24&#039; fill=&#039;none&#039; stroke=&#039;black&#039; stroke-width=&#039;1&#039; stroke-linecap=&#039;square&#039; stroke-miterlimit=&#039;10&#039;%3E%3Cpath d=&#039;M0,21c3.3,0,8.3-0.9,15.7-7.1c6.6-5.4,4.4-9.3,2.4-10.3c-3.4-1.8-7.7,1.3-7.3,8.8C11.2,20,17.1,21,24,21&#039;\/%3E%3C\/svg%3E&quot;);\">\n\t\t\t<span class=\"elementor-divider-separator\">\n\t\t\t\t\t\t<\/span>\n\t\t<\/div>\n\t\t\t\t\t\t<\/div>\n\t\t\t\t<\/div>\n\t\t\t\t<\/div>\n\t\t\t\t<div class=\"elementor-element elementor-element-74f9e30 elementor-widget elementor-widget-heading\" data-id=\"74f9e30\" data-element_type=\"widget\" data-e-type=\"widget\" data-widget_type=\"heading.default\">\n\t\t\t\t<div class=\"elementor-widget-container\">\n\t\t\t\t\t<h2 class=\"elementor-heading-title elementor-size-default\">Ohjatut vapaaharjoitukset<\/h2>\t\t\t\t<\/div>\n\t\t\t\t<\/div>\n\t\t\t\t<div class=\"elementor-element elementor-element-4b66cb1 elementor-widget-divider--separator-type-pattern elementor-widget-divider--view-line elementor-widget elementor-widget-divider\" data-id=\"4b66cb1\" data-element_type=\"widget\" data-e-type=\"widget\" data-widget_type=\"divider.default\">\n\t\t\t\t<div class=\"elementor-widget-container\">\n\t\t\t\t\t\t\t<div class=\"elementor-divider\" style=\"--divider-pattern-url: url(&quot;data:image\/svg+xml,%3Csvg xmlns=&#039;http:\/\/www.w3.org\/2000\/svg&#039; preserveAspectRatio=&#039;none&#039; overflow=&#039;visible&#039; height=&#039;100%&#039; viewBox=&#039;0 0 24 24&#039; fill=&#039;none&#039; stroke=&#039;black&#039; stroke-width=&#039;1&#039; stroke-linecap=&#039;square&#039; stroke-miterlimit=&#039;10&#039;%3E%3Cpath d=&#039;M0,21c3.3,0,8.3-0.9,15.7-7.1c6.6-5.4,4.4-9.3,2.4-10.3c-3.4-1.8-7.7,1.3-7.3,8.8C11.2,20,17.1,21,24,21&#039;\/%3E%3C\/svg%3E&quot;);\">\n\t\t\t<span class=\"elementor-divider-separator\">\n\t\t\t\t\t\t<\/span>\n\t\t<\/div>\n\t\t\t\t\t\t<\/div>\n\t\t\t\t<\/div>\n\t\t\t\t\t<\/div>\n\t\t\t\t<\/div>\n\t\t<div class=\"elementor-element elementor-element-c634e15 e-flex e-con-boxed e-con e-parent\" data-id=\"c634e15\" data-element_type=\"container\" data-e-type=\"container\">\n\t\t\t\t\t<div class=\"e-con-inner\">\n\t\t<div class=\"elementor-element elementor-element-7aafbab e-con-full e-flex e-con e-child\" data-id=\"7aafbab\" data-element_type=\"container\" data-e-type=\"container\">\n\t\t\t\t<div class=\"elementor-element elementor-element-739ad9f elementor-widget elementor-widget-text-editor\" data-id=\"739ad9f\" data-element_type=\"widget\" data-e-type=\"widget\" data-widget_type=\"text-editor.default\">\n\t\t\t\t<div class=\"elementor-widget-container\">\n\t\t\t\t\t\t\t\t\t<p><strong>Ohjatut vapaaharjoitukset ovat <span style=\"color: #ff0000;\">TAUOLLA TOISTAISEKSI<\/span><\/strong> (syyst\u00e4 ett\u00e4 keskiviikon opetus pitenee 1,5h pituiseksi vuoden 2026 alusta).<\/p>\t\t\t\t\t\t\t\t<\/div>\n\t\t\t\t<\/div>\n\t\t\t\t<\/div>\n\t\t\t\t<div class=\"elementor-element elementor-element-800b9c9 elementor-widget elementor-widget-text-editor\" data-id=\"800b9c9\" data-element_type=\"widget\" data-e-type=\"widget\" data-widget_type=\"text-editor.default\">\n\t\t\t\t<div class=\"elementor-widget-container\">\n\t\t\t\t\t\t\t\t\t<p><span style=\"color: #999999;\">Ohjatut vapaaharjoitukset toteutuvat <strong>joka 2. keskiviikko klo 19.15-20.15 <a style=\"color: #999999;\" href=\"https:\/\/lasikenka.fi\/index.php\/kalenteri\/\">(ks. kalenteri)<\/a><\/strong>. V<span style=\"font-style: inherit; font-weight: inherit; text-align: var(--text-align);\">apaaharjoituksissa Outi soittaa musiikit (oppilaiden toiveiden mukaan) ja ohjeistaa mahdolliset parinvaihdot. Vapaaharjoituksissa <\/span><span style=\"font-style: inherit; font-weight: inherit; text-align: var(--text-align);\">ei opeteta uutta, mutta Outi on paikalla teit\u00e4 varten, voitte kysy\u00e4 neuvoa mist\u00e4 tahansa tanssiin liittyv\u00e4st\u00e4 asiasta.<\/span><\/span><\/p><hr \/><p><span style=\"font-style: inherit; font-weight: inherit; text-align: var(--text-align); color: #999999;\">Ohjattuihin vapaaharjoituksiin ei tarvitse ilmoittautua, mutta varmista ett\u00e4 sinulla on treenipari. Toisaalta my\u00f6s ilman paria harjoittelu on mahdollista ja etenkin viejille varsin suositeltavaa!<\/span><\/p><hr \/><p><span style=\"color: #999999;\">Vapaaharjoituksiin voivat osallistua sek\u00e4 <strong>alkeisjatkokurssin<\/strong> ett\u00e4 <strong>uuden lavatanssin peruskurssin<\/strong> oppilaat.<\/span><\/p><hr \/><p><span style=\"font-style: inherit; font-weight: inherit; text-align: var(--text-align); color: #999999;\">\u00a0<\/span><\/p><p><span style=\"color: #999999;\">Vapaaharjoitusten hinta on sama kuin tanssituntien hinta. Voit k\u00e4ytt\u00e4\u00e4 samaa korttia kuin tiistain\/keskiviikon tunneilla!<\/span><\/p>\t\t\t\t\t\t\t\t<\/div>\n\t\t\t\t<\/div>\n\t\t\t\t\t<\/div>\n\t\t\t\t<\/div>\n\t\t<div class=\"elementor-element elementor-element-aedd895 e-flex e-con-boxed e-con e-parent\" data-id=\"aedd895\" data-element_type=\"container\" data-e-type=\"container\">\n\t\t\t\t\t<div class=\"e-con-inner\">\n\t\t<div class=\"elementor-element elementor-element-c0a9e5a e-con-full e-flex e-con e-child\" data-id=\"c0a9e5a\" data-element_type=\"container\" data-e-type=\"container\">\n\t\t<div class=\"elementor-element elementor-element-880943e e-con-full e-flex e-con e-child\" data-id=\"880943e\" data-element_type=\"container\" data-e-type=\"container\">\n\t\t<div class=\"elementor-element elementor-element-5f95d82 e-con-full e-flex e-con e-child\" data-id=\"5f95d82\" data-element_type=\"container\" data-e-type=\"container\">\n\t\t\t\t<div class=\"elementor-element elementor-element-c337ee2 elementor-widget elementor-widget-text-editor\" data-id=\"c337ee2\" data-element_type=\"widget\" data-e-type=\"widget\" data-widget_type=\"text-editor.default\">\n\t\t\t\t<div class=\"elementor-widget-container\">\n\t\t\t\t\t\t\t\t\t<p><span style=\"color: #ff00ff;\"><strong><span style=\"color: #000000;\">HINNAT Outin tunneilla<\/span><\/strong><\/span><\/p><p>*yksi kerta: 8\u20ac<\/p><p>*kortti 4krt: 28\u20ac<\/p><p>*kun ostat kerrallaan 2kpl 4krt korttia: 50\u20ac<\/p>\t\t\t\t\t\t\t\t<\/div>\n\t\t\t\t<\/div>\n\t\t\t\t<\/div>\n\t\t<div class=\"elementor-element elementor-element-82f9183 e-con-full e-flex e-con e-child\" data-id=\"82f9183\" data-element_type=\"container\" data-e-type=\"container\">\n\t\t<div class=\"elementor-element elementor-element-de587f3 e-grid e-con-full e-con e-child\" data-id=\"de587f3\" data-element_type=\"container\" data-e-type=\"container\">\n\t\t\t\t<div class=\"elementor-element elementor-element-5391561 elementor-widget elementor-widget-image\" data-id=\"5391561\" data-element_type=\"widget\" data-e-type=\"widget\" data-widget_type=\"image.default\">\n\t\t\t\t<div class=\"elementor-widget-container\">\n\t\t\t\t\t\t\t\t\t\t\t\t\t\t\t<img fetchpriority=\"high\" decoding=\"async\" width=\"1024\" height=\"871\" src=\"https:\/\/lasikenka.fi\/wp-content\/uploads\/2024\/06\/kahdeksan_euroa-1024x871.jpg\" class=\"attachment-large size-large wp-image-4199\" alt=\"\" srcset=\"https:\/\/lasikenka.fi\/wp-content\/uploads\/2024\/06\/kahdeksan_euroa-1024x871.jpg 1024w, https:\/\/lasikenka.fi\/wp-content\/uploads\/2024\/06\/kahdeksan_euroa-300x255.jpg 300w, https:\/\/lasikenka.fi\/wp-content\/uploads\/2024\/06\/kahdeksan_euroa-768x653.jpg 768w, https:\/\/lasikenka.fi\/wp-content\/uploads\/2024\/06\/kahdeksan_euroa-1536x1306.jpg 1536w, https:\/\/lasikenka.fi\/wp-content\/uploads\/2024\/06\/kahdeksan_euroa.jpg 1993w\" sizes=\"(max-width: 1024px) 100vw, 1024px\" \/>\t\t\t\t\t\t\t\t\t\t\t\t\t\t\t<\/div>\n\t\t\t\t<\/div>\n\t\t\t\t<div class=\"elementor-element elementor-element-121d705 elementor-widget elementor-widget-image\" data-id=\"121d705\" data-element_type=\"widget\" data-e-type=\"widget\" data-widget_type=\"image.default\">\n\t\t\t\t<div class=\"elementor-widget-container\">\n\t\t\t\t\t\t\t\t\t\t\t\t\t\t\t<img decoding=\"async\" width=\"907\" height=\"743\" src=\"https:\/\/lasikenka.fi\/wp-content\/uploads\/2024\/06\/1_kortti_teksti.jpg\" class=\"attachment-large size-large wp-image-4194\" alt=\"\" srcset=\"https:\/\/lasikenka.fi\/wp-content\/uploads\/2024\/06\/1_kortti_teksti.jpg 907w, https:\/\/lasikenka.fi\/wp-content\/uploads\/2024\/06\/1_kortti_teksti-300x246.jpg 300w, https:\/\/lasikenka.fi\/wp-content\/uploads\/2024\/06\/1_kortti_teksti-768x629.jpg 768w\" sizes=\"(max-width: 907px) 100vw, 907px\" \/>\t\t\t\t\t\t\t\t\t\t\t\t\t\t\t<\/div>\n\t\t\t\t<\/div>\n\t\t\t\t<div class=\"elementor-element elementor-element-6c92c7c elementor-widget elementor-widget-image\" data-id=\"6c92c7c\" data-element_type=\"widget\" data-e-type=\"widget\" data-widget_type=\"image.default\">\n\t\t\t\t<div class=\"elementor-widget-container\">\n\t\t\t\t\t\t\t\t\t\t\t\t\t\t\t<img decoding=\"async\" width=\"1024\" height=\"856\" src=\"https:\/\/lasikenka.fi\/wp-content\/uploads\/2024\/06\/2_korttia_teksti-1024x856.jpg\" class=\"attachment-large size-large wp-image-4195\" alt=\"\" srcset=\"https:\/\/lasikenka.fi\/wp-content\/uploads\/2024\/06\/2_korttia_teksti-1024x856.jpg 1024w, https:\/\/lasikenka.fi\/wp-content\/uploads\/2024\/06\/2_korttia_teksti-300x251.jpg 300w, https:\/\/lasikenka.fi\/wp-content\/uploads\/2024\/06\/2_korttia_teksti-768x642.jpg 768w, https:\/\/lasikenka.fi\/wp-content\/uploads\/2024\/06\/2_korttia_teksti.jpg 1208w\" sizes=\"(max-width: 1024px) 100vw, 1024px\" \/>\t\t\t\t\t\t\t\t\t\t\t\t\t\t\t<\/div>\n\t\t\t\t<\/div>\n\t\t\t\t<\/div>\n\t\t\t\t<\/div>\n\t\t<div class=\"elementor-element elementor-element-19facec e-con-full e-flex e-con e-child\" data-id=\"19facec\" data-element_type=\"container\" data-e-type=\"container\">\n\t\t\t\t<div class=\"elementor-element elementor-element-b2f6e38 elementor-widget elementor-widget-text-editor\" data-id=\"b2f6e38\" data-element_type=\"widget\" data-e-type=\"widget\" data-widget_type=\"text-editor.default\">\n\t\t\t\t<div class=\"elementor-widget-container\">\n\t\t\t\t\t\t\t\t\t<p><span style=\"font-size: 1rem; text-align: var(--text-align);\"><strong>Maksutavat Outin tunneilla:<\/strong> k\u00e4teinen, pankkikortti, MobilePay, Epassi.\u00a0<\/span><\/p>\t\t\t\t\t\t\t\t<\/div>\n\t\t\t\t<\/div>\n\t\t\t\t<\/div>\n\t\t\t\t<\/div>\n\t\t\t\t<\/div>\n\t\t\t\t\t<\/div>\n\t\t\t\t<\/div>\n\t\t\t\t<\/div>\n\t\t","protected":false},"excerpt":{"rendered":"<p>Ohjatut vapaaharjoitukset Ohjatut vapaaharjoitukset ovat TAUOLLA TOISTAISEKSI (syyst\u00e4 ett\u00e4 keskiviikon opetus pitenee 1,5h pituiseksi vuoden 2026 alusta). Ohjatut vapaaharjoitukset toteutuvat joka 2. keskiviikko klo 19.15-20.15 (ks. kalenteri). Vapaaharjoituksissa Outi soittaa musiikit (oppilaiden toiveiden mukaan) ja ohjeistaa mahdolliset parinvaihdot. Vapaaharjoituksissa ei opeteta uutta, mutta Outi on paikalla teit\u00e4 varten, voitte kysy\u00e4 neuvoa mist\u00e4 tahansa tanssiin liittyv\u00e4st\u00e4 &hellip;<\/p>\n<p class=\"read-more\"> <a class=\"\" href=\"https:\/\/lasikenka.fi\/index.php\/vapaaharjoitukset\/\"> <span class=\"screen-reader-text\">Vapaaharjoitukset<\/span> Lue lis\u00e4\u00e4 &raquo;<\/a><\/p>\n","protected":false},"author":1,"featured_media":0,"parent":0,"menu_order":0,"comment_status":"closed","ping_status":"closed","template":"","meta":{"site-sidebar-layout":"no-sidebar","site-content-layout":"page-builder","ast-site-content-layout":"full-width-container","site-content-style":"default","site-sidebar-style":"default","ast-global-header-display":"","ast-banner-title-visibility":"","ast-main-header-display":"","ast-hfb-above-header-display":"","ast-hfb-below-header-display":"","ast-hfb-mobile-header-display":"","site-post-title":"disabled","ast-breadcrumbs-content":"","ast-featured-img":"disabled","footer-sml-layout":"","theme-transparent-header-meta":"","adv-header-id-meta":"","stick-header-meta":"","header-above-stick-meta":"","header-main-stick-meta":"","header-below-stick-meta":"","astra-migrate-meta-layouts":"set","footnotes":""},"class_list":["post-6640","page","type-page","status-publish","hentry"],"_links":{"self":[{"href":"https:\/\/lasikenka.fi\/index.php\/wp-json\/wp\/v2\/pages\/6640","targetHints":{"allow":["GET"]}}],"collection":[{"href":"https:\/\/lasikenka.fi\/index.php\/wp-json\/wp\/v2\/pages"}],"about":[{"href":"https:\/\/lasikenka.fi\/index.php\/wp-json\/wp\/v2\/types\/page"}],"author":[{"embeddable":true,"href":"https:\/\/lasikenka.fi\/index.php\/wp-json\/wp\/v2\/users\/1"}],"replies":[{"embeddable":true,"href":"https:\/\/lasikenka.fi\/index.php\/wp-json\/wp\/v2\/comments?post=6640"}],"version-history":[{"count":58,"href":"https:\/\/lasikenka.fi\/index.php\/wp-json\/wp\/v2\/pages\/6640\/revisions"}],"predecessor-version":[{"id":7794,"href":"https:\/\/lasikenka.fi\/index.php\/wp-json\/wp\/v2\/pages\/6640\/revisions\/7794"}],"wp:attachment":[{"href":"https:\/\/lasikenka.fi\/index.php\/wp-json\/wp\/v2\/media?parent=6640"}],"curies":[{"name":"wp","href":"https:\/\/api.w.org\/{rel}","templated":true}]}}